t(2).
-10
Let l(m) be the first derivative of m**4/4 + m**3 + m**2/2 - 4*m - 39. Suppose -2*o - o - 9 = 0. Give l(o).
-7
Let m(t) = 9 - 5*t**2 + 6*t**3 + 12*t**3 - 28*t**3 + 11*t**3 - 6*t. Determine m(6).
9
Suppose 0 = -2*h - 0*h + 12. Suppose 4*r - h = r. Let k(v) = 5 - r*v - 1 - 3. Calculate k(5).
-9
Let r(l) = -l**2 - 6*l - 3. Let y be (-41)/13 + (-4)/(-26). Let o be (1 - y)/(3/(-3)). Give r(o).
5
Let l(z) = -z + 3. Let y = 67 + -63. Give l(y).
-1
Let m = 0 - 4. Let c(x) be the first derivative of x**4/4 + 5*x**3/3 + 3*x**2/2 + x + 1. Determine c(m).
5
Let v = -3 - -5. Let y(x) = 10 + v*x**3 - 3 - x**3 - x**2. What is y(0)?
7
Let p(f) be the third derivative of 1/12*f**4 - 2*f**2 + 0*f**3 + 0 + 0*f - 1/60*f**5. Calculate p(3).
-3
Let c(y) = -22*y**3 - 9*y**2 - 11. Let p(r) = 11*r**3 + 4*r**2 + 5. Let l(j) = -4*c(j) - 9*p(j). Calculate l(-1).
10
Let z(s) = s**2 - 3 - 4*s + 7 + 0 + 0*s**2. Let r = -1 - -4. What is z(r)?
1
Let x(h) = -h - 1. Let a(t) = t - t + t + 0*t + 4. Let i be a(-8). What is x(i)?
3
Let w(s) be the first derivative of -s**4/4 + s**3/3 + 2*s**2 + 3*s + 8. What is w(-2)?
7
Let u(k) be the third derivative of -k**9/60480 + k**8/5040 + k**7/1260 - k**6/720 - k**5/10 + 2*k**2. Let c(l) be the third derivative of u(l). Determine c(5).
-6
Let j(s) = -s - 1. Let g be 2 + 1 - (-3)/1. Let r(d) = -d**2 + 6*d - 6. Let w be r(g). What is j(w)?
5
Let n = 0 - -7. Let l(k) = k + 6 + 1 - 1 - n. Determine l(-2).
-3
Let l(f) be the second derivative of f**8/6720 - f**7/840 - f**6/720 - f**5/60 - f**4/12 + 3*f. Let p(i) be the third derivative of l(i). Determine p(3).
-5
Let g(d) = 6*d. Let l be g(2). Suppose 4*c = -z + 20, z + c = -z + l. Let j(a) be the second derivative of -a**4/12 + a**3/2 + 5*a**2/2 + a. Calculate j(z).
1
Let l(u) be the first derivative of -3/2*u**2 + 6 + 2*u. Calculate l(3).
-7
Let y(r) be the second derivative of -r**5/5 - 9*r. Calculate y(1).
-4
Let w(k) be the first derivative of -k**3/3 - 7. Calculate w(3).
-9
Let y(c) = -7*c**3 - 10*c**2 + 8*c - 2. Let q(d) = -20*d**3 - 29*d**2 + 23*d - 5. Let u(m) = 6*q(m) - 17*y(m). Suppose 0*t = t + 4. What is u(t)?
-4
Let q(l) = -9*l**3 + 4*l**2 + 4*l - 4. Let n(x) = 10*x**3 - 5*x**2 - 5*x + 5. Let z(u) = 4*n(u) + 5*q(u). Determine z(-1).
5
Let o(s) = s**2 - 2*s + 1. Let u = 0 + 3. Let h = 1 + 0. Suppose h + 2 = u*t. Determine o(t).
0
Let i(d) be the third derivative of -d**7/840 + d**6/120 - d**5/60 - d**4/24 - d**3/3 + 3*d**2. Let j(a) be the first derivative of i(a). Determine j(2).
-1
Let p(d) = -5*d + 8. Let q(f) = 14*f - 24. Let m(o) = -11*p(o) - 4*q(o). Let k be ((-1)/2)/(4/8). Let g(x) = -3*x**3 - 2*x - 1. Let z be g(k). Give m(z).
4
Let h(b) = -b**2 + b. Let u be h(1). Let a(i) be the second derivative of i**4/12 + i**2/2 + i. Calculate a(u).
1
Let n(d) = -d**3 + 3*d**2 + d. Let b = 16 + -13. Determine n(b).
3
Let l(p) = -6*p**3 + p**2 + p - 1. Suppose 3*d + 4*w = -9, -10 = -4*d - 0*d + 2*w. Calculate l(d).
-5
Let v(i) = -2*i - 3. Let n be v(-3). Let f(x) = -3*x**n + 2*x**2 + x**2 + 5 + 3*x + 2*x**3. Suppose 7*r - 2*o = 2*r + 26, 0 = 4*o + 12. Determine f(r).
1
Let m(h) = -3*h**2 - 12*h - 9. Let v(s) = -s**2 - 4*s - 3. Let a(o) = -4*m(o) + 11*v(o). Determine a(-3).
0
Let g(q) = 2*q**3 + 7*q**2 + 6*q - 13. Let x(b) = b**3 + 4*b**2 + 3*b - 6. Let p(u) = -2*g(u) + 5*x(u). Give p(-5).
6
Suppose 12 = 5*i - 2*i. Let v(n) = -i + 2*n**2 + 5*n**2 + 0*n**3 - 2*n**2 - n - n**3. Determine v(4).
8
Let l(h) = -h**3 - 4*h**2 - h - 3. Let j be l(-4). Let f(w) = 6*w + 1. Give f(j).
7
Let p(d) = -2*d**2 - 7*d - 5. Let w = 3 - 7. Calculate p(w).
-9
Let u be (6/8)/((-2)/(-16)). Let g = u + -4. Let m(d) = 27 - 28 - 4*d**2 + 5*d**g + d**3. Give m(-2).
-5
Let d(y) = 0*y**3 + 5 + 2*y**2 + 4*y + 3*y**3 - y**3 - 3*y**3. Calculate d(4).
-11
Let l(k) be the first derivative of -k + 1/2*k**4 + 1/2*k**2 + k**3 + 4. Calculate l(-2).
-7
Suppose 2*t = 3*s, -2*s = -3*t + t. Suppose -4*q + 6 = 2*w, 4*q - 3*w = -s*w + 11. Let y(p) be the third derivative of p**4/12 - p**3/6 - p**2. Calculate y(q).
3
Let s(v) = v**3 - 4*v**2 - 3*v + 5. Suppose -4*m + 6 = -5*r, 3*m + 3*r - 22 = -2*r. Let g be s(m). Let f(b) = -b - 5. Give f(g).
2
Suppose -2*u = -5*u - 15. Let d = u - -11. Suppose 0 = d*i - i + 10. Let n(z) = -z**3 + 3*z + 3. Determine n(i).
5
Let a(w) be the third derivative of 7/24*w**4 - 1/6*w**3 + 2*w**2 + 0*w + 0. What is a(-1)?
-8
Let g = -7 + 9. Let l(b) = 2*b**g - b**2 + 5 - 2 + 9*b - 5*b. Let y = 4 - 6. Calculate l(y).
-1
Let l(k) = -k**3 - 7*k**2 - k - 9. Let s be 72/(-10) + (-1)/(-5). Give l(s).
-2
Let u be (5/2 + -2)*-12. Let d(v) = -2*v + 2. Let x(q) = -4*q + 3. Let s(g) = -11*d(g) + 6*x(g). What is s(u)?
8
Let a(l) be the second derivative of l**4/12 - l**3/2 + l**2 + 10*l. Determine a(4).
6
Suppose 6*o = -5 + 17. Let w(f) be the first derivative of -f + 1/3*f**3 - 3 + f**o. Determine w(-3).
2
Let y = 4 + -11. Let t(l) = 2*l**2 - 5*l + 1. Let r(v) = -v**2 + 2*v. Let q(g) = y*r(g) - 3*t(g). Calculate q(-3).
3
Let v(h) be the first derivative of h**3/6 + 3*h**2/2 - 6*h - 5. Let x(d) be the first derivative of v(d). Give x(4).
7
Let t(m) = 5*m**3 + 26*m**2 + 3*m - 13. Let v(o) = -2*o**3 - 9*o**2 - o + 4. Let c(a) = -3*t(a) - 8*v(a). Let q = -2 - -8. What is c(q)?
1
Let z(q) be the second derivative of 3*q**2 + 0*q**3 + 0 + 6*q + 1/12*q**4 - 1/20*q**5. Calculate z(0).
6
Let w(q) = -5*q + 1. Let a(z) = -z**2 - 4*z + 1. Let y be a(-6). Let i = -9 - y. Calculate w(i).
-9
Let q(z) be the second derivative of z**5/20 + z**4/4 - 5*z**3/6 - 3*z**2 - z. Suppose 0 = -5*t + x + 47 - 7, t + 4*x - 29 = 0. Let c = t + -13. Determine q(c).
-2
Let b(i) = 4*i**3 - 10*i**2 - 6. Let t(r) = r**3 - r**2 - 1. Let v(u) = b(u) - 5*t(u). Let j be (-30)/(-4)*(-8)/12. What is v(j)?
-1
Let k be 2/(-11) + (-1800)/(-99). Let l(f) = -8*f + 1 + k*f + 0. Suppose -3*w = -q + 8, -q + 4*w = q - 10. Determine l(q).
-9
Let k = -20 - -22. Suppose 6*c - 4*c = k. Let y(o) = -o**3 - o**2. Determine y(c).
-2
Let q(t) = t**3 + 5*t**2 + 2*t + 6. Let w = 9 + -3. Let j be 15*(w/2)/9. Suppose -j*g = 2*x, 0 = -g - 3 + 5. Determine q(x).
-4
Let q(y) be the first derivative of -y**4/4 - y**2/2 - 2*y + 2. Let h be 3 + (-2 - (4 + -1)). Give q(h).
8
Let b(y) be the third derivative of y**6/120 - y**5/60 + y**4/24 + y**3 + 2*y**2. Let q(t) = -t**2 + 6*t - 5. Let c be q(5). Calculate b(c).
6
Let t(a) be the third derivative of -a**5/60 + 5*a**4/24 - 5*a**3/6 + 28*a**2. Let h = 6 - 1. Calculate t(h).
-5
Let r be 10/(-2)*(-4)/10. Let k(l) = -l - 3. Let w(f) = -4*f - 1. Let p be w(-2). Let u(y) = -2*y - 4. Let t(n) = p*k(n) - 5*u(n). Calculate t(r).
5
Let g = -11 - -14. Let o(p) = 2*p**2 + 0 - 4 - p - 3*p + g. Calculate o(3).
5
Let q(x) = -14*x**3 - 22*x**3 - 3*x**2 + 3*x + 2 + 37*x**3. Calculate q(3).
11
Let c(t) = -t**3 + 2*t**2 + t - 4. Let l(w) = -3*w**3 + 5*w**2 + 3*w - 13. Let m(h) = -8*c(h) + 3*l(h). Determine m(0).
-7
Suppose 37 - 5 = -16*q. Let i(g) = 2*g**2 - 3*g - 1. Calculate i(q).
13
Let b(t) be the first derivative of -t**3/3 - 3*t**2/2 - 3*t + 10. Give b(-4).
-7
Let h = 17 - 16. Let s(a) = -a**3 - 2 + 5*a**2 - 3*a - 4 + h. Determine s(4).
-1
Let f(w) = -w + 7. Let o = -36 - -43. Determine f(o).
0
Let g(x) = -x**2 + x. Let s = -1 + 0. Let a(c) = 3*c**2. Let t be a(s). Let k be (-1)/(2/t + -1). What is g(k)?
-6
Let v(m) = -5*m - 2. Let p(z) be the second derivative of -z**3/6 - z**2/2 - 2*z. Let b(s) = -4*p(s) + v(s). Calculate b(5).
-3
Let z(o) = o + 5. Let p be z(6). Let g = p - 8. Let w(m) be the first derivative of m**3/3 - m**2 + 4*m - 1. Calculate w(g).
7
Let d be 1/(0 - (-1)/5). Let b(f) = -3*f - f - f**2 - d - f. Let x = -2 + -2. Give b(x).
-1
Let p(r) be the second derivative of -r**3/2 - 3*r + 8. Let h(j) = j - 8. Let m be h(6). Let w be m/7 + (-19)/7. What is p(w)?
9
Let i(z) = 2*z**2 + 2 - 3*z - 4*z + 2*z - z. Calculate i(4).
10
Let x = 51 + -55. Let o(q) = q**3 + 5*q**2 + 6*q + 6. What is o(x)?
-2
Let m(v) = -5*v**2 + 6*v - 6*v + 10*v + 6. Let c(i) = i**2 - i - 1. Let r = 32 + -28. Let w(h) = r*c(h) + m(h). What is w(6)?
2
Let f(k) = -k. Let p be (3/(-6))/(2/(-12)). Suppose 5*v - 2*w = 24, 3*v - v = -p*w + 21. Calculate f(v).
-6
Let f(l) be the second derivative of -l**4/6 - l**3 - 5*l. Suppose t = 4*k + 15, t - 9 = 2*k +